*v(o). Give m(-5).
-8
Let n(p) = -13*p**3 - 6*p**2 - 21*p + 3. Let k(x) = -7*x**3 - 3*x**2 - 11*x + 2. Let a(v) = 11*k(v) - 6*n(v). What is a(-5)?
-71
Let w(t) = -716*t + 4 - 4 + 715*t. Let b be w(-6). Let a(s) = 2 + 146*s + 8 - 147*s - 2. Determine a(b).
2
Let z(i) = -15 - 1 - 8393*i + 16777*i - 8394*i. Give z(-4).
24
Let q(y) = 3*y**2 + 31*y + 8. Let d = 532 - 542. Let g be q(d). Let z(h) be the first derivative of h**4/4 + h**3/3 - h**2/2 - h + 1. Give z(g).
-3
Let j(x) = -9 + 11 - 80*x + x**2 + 0 + 88*x. Give j(-6).
-10
Suppose -3*u = -2*u - 3*x + 4, 5*u = -x - 68. Let p(d) be the first derivative of d**4/4 + 14*d**3/3 + 7*d**2 + 17*d - 11875. Determine p(u).
4
Suppose -28*o + 29*o = 4. Suppose 0 = -o*q - 75 + 35. Let m(t) = 2*t + 15. Give m(q).
-5
Let m(h) = -h**3 + 10*h**2 - 27*h + 12. Let d = -2699 - -2704. What is m(d)?
2
Let c(g) = -2*g**2 - 54*g - 53. Let d(a) = -7*a**2 - 21*a - 40. Let h be d(-2). What is c(h)?
-1
Suppose 3*f - 88 = y - 6*y, 0 = 4*f - 2*y - 100. Let w be (3/(-4))/(f/(-104)). Let s(d) = -8*d + 7*d + 2*d. Calculate s(w).
3
Let i(s) = -3*s - 204. Let j(l) = -4*l - 287. Let u(d) = -7*i(d) + 5*j(d). Suppose -2*y + 21 = y. Calculate u(y).
0
Let u = 201 - 89. Let w be (-1)/(((-4)/(-10))/(u/(-70))). Let l(p) = -4 - w*p**2 - 8*p**2 + 7*p**2 - p**3 - 2*p. Calculate l(-4).
-12
Let c(v) = -10*v**2 + 1390*v**3 - 6*v - 2777*v**3 + 14 + 1386*v**3. Determine c(-9).
-13
Let h(y) = -12*y - 54. Suppose -3*v + 17 - 18 = -7*r, -5*v - 4*r = 33. Calculate h(v).
6
Suppose s + 12 = 5*s. Let c(b) = -52*b**2 + 84*b - 12. Let l(w) = -62*w**2 + 100*w - 14. Let z(j) = -6*c(j) + 5*l(j). Give z(s).
8
Let v(q) = 7*q + 788*q**2 + 806*q**2 - 1595*q**2 + 27. Calculate v(8).
19
Let d(n) = -n**3 - 6*n**2 + 10*n - 3. Let a(w) = -w**3 + 17*w**2 + 4*w - 39. Let h be a(17). Suppose 0 = 4*t + 12, 9*y + h = 4*y + 2*t. Give d(y).
-24
Suppose 25*z - 182 = -7. Let y(i) = -i**3 + 7*i**2 + i + 14. Determine y(z).
21
Let j(q) = 2*q**3 - 4 - 136*q - q**3 + 2*q**2 - 140*q + 271*q. Calculate j(-1).
2
Let x(l) = -13*l**3 + 2*l**2 - l. Let p be x(1). Let m(q) = -233*q + 2. Let y(f) = 1166*f - 1. Let v(a) = 5*m(a) + y(a). Calculate v(p).
-3
Suppose 2*x - 42 = -b, 0 = -5*b + 2*b + 4*x + 76. Let j be b/6*39/(-26). Let m(c) = -c**3 - 7*c**2 + 8*c. Calculate m(j).
0
Let r(h) = h**3. Suppose 6 = -2*q, v - 4*q = -2*v - 804. Let t = 272 + v. Give r(t).
0
Let r(l) be the first derivative of l**4/4 - 7*l**3/3 + 7*l**2/2 - 9*l - 933. Determine r(6).
-3
Let q(l) = l + 1. Let d(u) = 23*u**3 + 0*u**2 - 36*u**3 + 0*u**2. Let k(m) = d(m) - q(m). Suppose -18 = 19*n + 1. Calculate k(n).
13
Let s = 333 + -337. Let y(b) = -b**3 + 2*b**2 + 16*b - 7. Let k(w) = 2*w**2 - w - 2. Let n(t) = s*k(t) - y(t). Determine n(11).
4
Let h(a) = 1 + 14 - 17 + 6*a. Let t(x) = x**3 + 8*x**2 + 6*x - 2. Let g be t(-7). Let k = -8 + g. Give h(k).
-20
Let m(d) = d**3 - 6*d**2 + 46114*d - 46126*d + 8 + 0*d**2 + 0 - 3*d**2. What is m(10)?
-12
Let z(p) = -p**3 - 56*p**2 + 68*p + 632. Let x be z(-57). Let m(n) = 0*n + 2 + 2 - 2*n. Give m(x).
-6
Suppose 6*j + 1427 = 1421. Let a(b) = -3*b**3 + 2*b + 1. Determine a(j).
2
Let y(b) = -8284 - 2*b + 16616 - 8422. What is y(0)?
-90
Let u(c) = 1603 - 1610 - c + 79*c**2 - 78*c**2. Determine u(-3).
5
Let j(n) = -9*n + 10. Let c(h) = -10*h + 12. Let d(s) = 6*c(s) - 7*j(s). Let u(a) = 7*a + 5. Let f(x) = 10*d(x) - 4*u(x). Calculate f(-1).
-2
Let v(m) be the third derivative of -m**4/6 - 15*m**2. Suppose w - 3*r = -5 + 3, 0 = 2*w + 3*r + 13. Let s(a) = -a**2 - 3*a + 9. Let l be s(w). Calculate v(l).
4
Let n(h) = -10902*h**2 - 2 + 4 + 10899*h**2 + 5 + 14*h. What is n(5)?
2
Let d be 0 + (-20)/(-3) - 192/(-144). Let q(x) = -x**3 + 5*x**2 + 19*x + 5. Determine q(d).
-35
Let a(d) be the first derivative of 4*d - 71 + 2/3*d**3 + 4*d**2. Calculate a(-5).
14
Let r(g) = 12*g**2 + 107*g + 106. Let i(o) = -o**3 - 14*o**2 - 29*o - 209. Let f be i(-13). Calculate r(f).
11
Let u(w) = -2*w + 8. Suppose -12*m + 22 = -m. Suppose -18*a - 3 = 2*g - 15*a, -2*g = -m*a - 22. Give u(g).
-4
Let y be 111/5 - (-24)/4440*-37. Let x(r) = -10*r + 227. What is x(y)?
7
Let l(k) = -3*k + 21. Let s be (36/30*-10)/((-1)/(-2)*-4). What is l(s)?
3
Let y(g) = 11*g**3 + 26*g**2 - 11*g + 29. Let k(m) = 5*m**3 + 11*m**2 - 5*m + 14. Let h(s) = 13*k(s) - 6*y(s). Give h(-13).
-5
Suppose -b + 5*b = -32. Let o = b + 11. Let n(s) = -69*s - 71*s - 25*s + 164*s + 2 + 2. Determine n(o).
1
Let a(l) be the third derivative of -l**5/20 - l**4/24 + l**3/6 - 1648*l**2. Suppose -2*d - 5*v - 25 = 0, 5*d - 15 = -3*v + 6*v. What is a(d)?
1
Let w(a) = 3*a + 3 + 5 + 4*a - a**2. Let c = 194684 - 194676. Determine w(c).
0
Let u(f) = f - 29. Let i(z) = z**3 - 11*z + 17. Let x be i(3). Give u(x).
-18
Suppose -2*i = 4*b - 502, -3*i + 6*i - 3 = 0. Suppose 5*r + 25 = b. Suppose -6*w = -2*w - r. Let v(s) = -2*s + 6. Calculate v(w).
-4
Let s(c) = c**3 - 2*c**2 + c + 3. Let j(d) = -d**2 - 14*d + 18. Let l be j(-15). Let u be s(l). Let m(w) = -7*w + 9*w + u*w - 1. Give m(-1).
-18
Let v(g) = -2*g**2 + 10*g + 14. Let f be v(6). Let a(l) be the second derivative of 0 + 1/12*l**4 + 1/2*l**2 - 1/6*l**3 + 6*l. Determine a(f).
3
Suppose 4*t + 0*t + 128 = -2*x, 10*x - 119 = 3*t. Suppose 2*d - 5*d + 4*m = -111, 0 = 4*d + m - 148. Let i = d + t. Let j(o) = -o + 7. Give j(i).
3
Suppose -6 = 5*l - 1. Let q = 824 + -742. Let a(r) = -80 - q - 4*r**2 - 4*r**2 + 163. Give a(l).
-7
Let f be -4 + 12*(-1)/(-2). Let u(y) = -y**3 + 10*y**2 + 2*y - 15. Let d be u(10). Let x(z) = -1 + 2*z + 2*z + 5*z**f - d*z - z. Calculate x(-1).
6
Suppose b + 4*b = 15. Suppose -2*a + 18 = 5*q, -5*q - 5*a = -b - 12. Let c be (45/10 - q)*(8 + -2). Let o(r) = -r**3 + 2*r**2 + 4. Calculate o(c).
-5
Let u(z) be the third derivative of -9*z**4/8 - 7*z**3/3 - 3149*z**2. What is u(-3)?
67
Let u(f) = -6*f + 4. Let y = 1 + 74. Let d be -1 - y/(-12) - (-6)/(-24). Give u(d).
-26
Let w(d) = -d**2 + 6*d + 86. Let a be (-16)/(-32)*28 - 1. What is w(a)?
-5
Let h(y) = y**2 - 32*y. Let n be h(21). Let b = 228 + n. Let p(m) be the first derivative of -m**3/3 - m**2 + 2*m - 3. Calculate p(b).
-1
Let t be -2 - 1/(1/5). Let l(h) = -32*h + 396. Let o(i) = -21*i + 256. Let p(f) = 13*l(f) - 20*o(f). Calculate p(t).
0
Let i(z) = -3*z - 18. Let s(q) = q**3 + 8*q**2 - 8. Suppose -3*h = 4*l - 3*l + 28, 3*l + 52 = -5*h. Let g be s(h). What is i(g)?
6
Let c(w) = -7*w - 25 + 4*w**2 + 4*w**2 + 23 - 10*w**2. Determine c(-1).
3
Let i be (-1)/((0 - 1)/(-1)). Let b be i + (-1 + 8 - 1). Let h(l) be the second derivative of -l**4/12 + l**3/2 + 2*l**2 - 3169*l. Give h(b).
-6
Let z(p) be the second derivative of -7*p**3/6 - 3*p**2/2 - p. Suppose 5*c + 51 = 3*k, -123*c - 27 = 9*k - 118*c. Determine z(k).
-17
Let q = 263 - 244. Suppose -4*g = 4*o, 2*o = q*g - 14*g. Let z(t) = -t + 3. Give z(g).
3
Let o be 12/(-6*2/8). Let v(k) = k**3 - k**2 - k. Let g(j) = 5*j**3 - 13*j**2 + 3*j + 4. Let p(i) = -g(i) + 6*v(i). Calculate p(o).
4
Let k be ((-990)/35)/(24/(-28) - -1). Let y = k + 198. Let p(o) be the second derivative of o**3/6 + 5*o**2 + o. Determine p(y).
10
Suppose 3*j + 4*h = 1, -4*h - 5 = -5*j + 6*j. Let x(i) = -i**3 + 9*i - 3. Determine x(j).
-3
Let m(n) = -6*n + 73. Let y be (7 + 204/(-18))*3*(-1 + 0). Give m(y).
-5
Suppose a - 3 = 0, -3*b - a - 9 = 3*a. Let w(m) = m**2 + 14*m + 31. What is w(b)?
-18
Let g = 811 - 804. Let c(x) = 24*x + 8*x + g*x + x**3 - 40*x + 12*x + 3 - 11*x**2. Give c(10).
13
Let n(m) be the second derivative of -m**4/12 - 2*m**3 - 6*m**2 - 6*m + 23. Suppose -2*q = -p + 27, -3*q = 2*p + 21 + 2. What is n(q)?
-1
Let h(y) be the first derivative of y**4/4 + 3*y**3 - 3*y**2/2 - 23*y + 1470. Determine h(-9).
4
Let k be 3130/2817 + 146/(-18). Let m(l) be the first derivative of l**3/3 + 4*l**2 - 8*l - 1. What is m(k)?
-15
Let c(z) = -z + 0*z + 1 - 2 + 0*z - z**2. Let u be (((-81)/(-15))/(-3))/(63/(-1470)). Suppose -18 = u*t - 36*t. Calculate c(t).
-7
Let i(g) = -27*g - 1340. Let m be i(-50). Let v(k) = -41*k + 411. What is v(m)?
1
Let x(v) be the third derivative of -v**5/30 - 13*v**4/24 - v**3 - 30*v**2 + 2. Give x(-9).
-51
Let f be 0 - 4 - (4 - 20)/4. Suppose 4*u - 3*r - 8 = f, -5*u + 3*r - 1 = 2*r. Let v(w) be the second derivative of -w**5/20 + w**3/6 - 2*w. Give v(u).
0
Let u(m) = -10*m + 11. Let l